t are the prime factors of 160662438?
2, 3, 8925691
What are the prime factors of 182384420?
2, 5, 19, 25261
List the prime factors of 832825075.
5, 31, 43, 67, 373
What are the prime factors of 2232351584?
2, 5351, 13037
What are the prime factors of 26792317?
29, 83, 11131
List the prime factors of 10195747.
10195747
List the prime factors of 367160227.
7, 52451461
What are the prime factors of 1663701474?
2, 3, 1877, 147727
What are the prime factors of 92362011?
3, 7, 89759
What are the prime factors of 4715944?
2, 589493
What are the prime factors of 98704674?
2, 3, 101, 54293
What are the prime factors of 1951092948?
2, 3, 7, 59, 393683
What are the prime factors of 2537353550?
2, 5, 29, 1749899
What are the prime factors of 1490186160?
2, 3, 5, 53, 4339
What are the prime factors of 1084046196?
2, 3, 179, 504677
What are the prime factors of 234877598?
2, 1487, 78977
What are the prime factors of 1750837?
11, 159167
What are the prime factors of 273090982?
2, 89, 1534219
List the prime factors of 1108143267.
3, 7, 11, 31, 154747
List the prime factors of 19897095.
3, 5, 41, 32353
List the prime factors of 297115030.
2, 5, 1237, 24019
List the prime factors of 929434219.
7, 31, 101, 42407
List the prime factors of 72049744.
2, 13, 346393
What are the prime factors of 53726376?
2, 3, 11, 19, 10711
What are the prime factors of 42133565?
5, 17, 37, 13397
What are the prime factors of 19925159?
683, 29173
What are the prime factors of 116974214?
2, 7, 1709, 4889
List the prime factors of 757983372.
2, 3, 63165281
What are the prime factors of 2031593463?
3, 29, 31, 193, 1301
What are the prime factors of 487147512?
2, 3, 17, 1193989
What are the prime factors of 101750632?
2, 101, 125929
List the prime factors of 68083342.
2, 34041671
List the prime factors of 16852796.
2, 4213199
What are the prime factors of 138816343?
107, 1297349
List the prime factors of 86324883.
3, 1777, 16193
What are the prime factors of 894758179?
7, 18260371
List the prime factors of 128082669.
3, 11, 13, 31, 9631
List the prime factors of 400076408.
2, 47, 22639
What are the prime factors of 25769401?
7, 31, 149, 797
List the prime factors of 162149880.
2, 3, 5, 1351249
List the prime factors of 3488494944.
2, 3, 11, 3303499
List the prime factors of 466848350.
2, 5, 457, 20431
List the prime factors of 313065503.
131, 2389813
What are the prime factors of 3649569284?
2, 912392321
What are the prime factors of 1267246524?
2, 3, 29, 47, 77479
What are the prime factors of 1091088?
2, 3, 7577
What are the prime factors of 6153089792?
2, 757, 31751
What are the prime factors of 58797420?
2, 3, 5, 11, 89087
What are the prime factors of 30015545?
5, 7, 613, 1399
What are the prime factors of 363617541?
3, 7, 5771707
List the prime factors of 119153783.
7, 17021969
List the prime factors of 228706349.
241, 948989
What are the prime factors of 86625516?
2, 3, 7218793
What are the prime factors of 357588650?
2, 5, 89, 107, 751
List the prime factors of 1320603971.
617, 2140363
What are the prime factors of 31302095?
5, 11, 31, 1669
List the prime factors of 57273207.
3, 173, 211, 523
What are the prime factors of 108857958?
2, 3, 11, 1649363
List the prime factors of 49500308.
2, 11, 13, 86539
List the prime factors of 3698773293.
3, 787, 1566613
What are the prime factors of 3607409350?
2, 5, 17, 19, 37, 6037
What are the prime factors of 123144463?
13, 9472651
What are the prime factors of 3141631?
19, 165349
What are the prime factors of 587774811?
3, 13, 41, 113, 3253
What are the prime factors of 3543167500?
2, 5, 19, 97, 769
What are the prime factors of 1700701226?
2, 7, 37, 101, 32507
What are the prime factors of 5137111280?
2, 5, 7, 47, 71, 2749
List the prime factors of 1376762301.
3, 152973589
List the prime factors of 997718430.
2, 3, 5, 757, 43933
List the prime factors of 934605191.
13, 3907, 18401
What are the prime factors of 64123342?
2, 149, 215179
What are the prime factors of 1696042533?
3, 71, 7962641
List the prime factors of 28777522.
2, 683, 21067
List the prime factors of 4261193862.
2, 3, 710198977
List the prime factors of 204455602.
2, 13, 23, 31, 41, 269
What are the prime factors of 83919597?
3, 27973199
What are the prime factors of 24412256?
2, 11, 223, 311
What are the prime factors of 70428829?
23, 3062123
What are the prime factors of 487448874?
2, 3, 11, 83, 9887
List the prime factors of 3314979.
3, 122777
List the prime factors of 37821681.
3, 1400803
What are the prime factors of 546761053?
227, 2408639
List the prime factors of 27167605.
5, 5433521
List the prime factors of 157789334.
2, 78894667
What are the prime factors of 335497462?
2, 29, 5784439
List the prime factors of 5117298957.
3, 23, 358279
List the prime factors of 6798788337.
3, 11, 47, 487, 9001
What are the prime factors of 397748009?
233, 1707073
What are the prime factors of 191723998?
2, 23, 47, 71, 1249
What are the prime factors of 36428645?
5, 11, 662339
List the prime factors of 34074263.
34074263
What are the prime factors of 14298107?
293, 48799
What are the prime factors of 82889781?
3, 13, 241, 8819
List the prime factors of 711986406.
2, 3, 118664401
What are the prime factors of 3907169394?
2, 3, 151, 4312549
What are the prime factors of 62904505?
5, 17, 740053
What are the prime factors of 14958054?
2, 3, 19, 61, 239
What are the prime factors of 3085208363?
17509, 176207
List the prime factors of 1862809549.
853, 2183833
What are the prime factors of 22744806?
2, 3, 7, 541543
What are the prime factors of 1868723592?
2, 3, 77863483
List the prime factors of 10997441.
7, 13, 120851
List the prime factors of 807389657.
101, 7993957
What are the prime factors of 137925276?
2, 3, 29, 307, 1291
List the prime factors of 2343634833.
3, 109, 383, 18713
What are the prime factors of 124058539?
11, 11278049
List the prime factors of 6651024882.
2, 3, 1108504147
What are the prime factors of 1514958219?
3, 1747, 96353
List the prime factors of 74690239.
13, 5745403
List the prime factors of 507189433.
507189433
List the prime factors of 27091588.
2, 6772897
List the prime factors of 265983377.
11, 17, 83, 17137
What are the prime factors of 488779630?
2, 5, 29, 1685447
What are the prime factors of 362819027?
362819027
List the prime factors of 4309634116.
2, 947, 1137707
What are the prime factors of 2072642995?
5, 414528599
What are the prime factors of 53973692?
2, 13493423
List the prime factors of 162230288.
2, 11, 197, 4679
List the prime factors of 665404449.
3, 29, 7648327
What are the prime factors of 83373572?
2, 20843393
List the prime factors of 995019155.
5, 13, 15307987
List the prime factors of 31064966.
2, 15532483
What are the prime factors of 1397854000?
2, 5, 41, 17047
What are the prime factors of 28927286?
2, 1201, 12043
What are the prime factors of 1304501857?
1304501857
What are the prime factors of 483145260?
2, 3, 5, 13, 37, 16741
What are the prime factors of 368986301?
11177, 33013
What are the prime factors of 4940772728?
2, 47, 13140353
List the prime factors of 237664821.
3, 359, 220673
List the prime factors of 829294774.
2, 7, 11, 163, 33037
List the prime factors of 86088512.
2, 79, 17027
What are the prime factors of 114443084?
2, 7, 4087253
List the prime factors of 223991017.
89, 199, 12647
List the prime factors of 1744614481.
2593, 672817
What are the prime factors of 356433651?
3, 7, 1361, 4157
What are the prime factors of 133119538?
2, 23, 41, 70583
List the prime factors of 111711352.
2, 17, 31, 26497
List the prime factors of 2141784723.
3, 13, 6907, 7951
List the prime factors of 37680332.
2, 9420083
List the prime factors of 1624846117.
43, 1783, 21193
What are the prime factors of 1086323727?
3, 19, 601, 1669
What are the prime factors of 1268378376?
2, 3, 52849099
What are the prime factors of 3560886323?
1033, 3447131
List the prime factors of 323838573.
3, 9859, 10949
What are the prime factors of 9435494?
2, 41, 115067
List the prime factors of 664944796.
2, 1193, 139343
List the prime factors of 154970841.
3, 51656947
List the prime factors of 72745917.
3, 24248639
List the prime factors of 43293174.
2, 3, 31, 43, 5413
List the prime factors of 6354565277.
41, 379, 408943
What are the prime factors of